 Let o(b) = -2*b**3 - 11*b**2 - b - 1. Let v(t) = -5*n(t) - 3*o(t). Let d be v(-2). List the prime factors of (d - 3/(-9))*9.
2, 3
Let o = -3 - -9. Let p = 11 - o. Suppose -2*v = -1 - p. List the prime factors of v.
3
Let o be -2 + 2 - (5 + -6). Let b = o - -21. What are the prime factors of b?
2, 11
Let a = -9 + 16. Let h = 17 + a. List the prime factors of h.
2, 3
Suppose -8*a = -7*a - 59. What are the prime factors of a?
59
Let a(m) = m**3 - 2*m**2 - 3*m - 1. Let n be a(3). Let s(v) = 5*v**2 + v + 1. Let q be s(n). Let b(y) = 2*y. What are the prime factors of b(q)?
2, 5
Suppose 300 = 2*g + 2*c, 441 + 147 = 4*g + c. What are the prime factors of g?
2, 73
What are the prime factors of (-21)/(-4)*(-208)/(-6)?
2, 7, 13
Suppose 3*j + 6*u - 4*u = 72, 72 = 3*j + 5*u. Suppose -j = -x - x. Let c = 30 - x. List the prime factors of c.
2, 3
Suppose 0 = 2*i - y - 199, i - 5*y = 3*i - 169. List the prime factors of i.
97
Suppose -2*y - 5*k - 9 = 0, 3*k + 3 = -3*y - k. Suppose 4*s = -4*l + y*s - 3, -2*s - 6 = -2*l. List the prime factors of 10/(-6)*(-6 + l).
2, 5
Let b = -7 + 7. Let t = 26 - b. What are the prime factors of t?
2, 13
Let j = 51 - 47. What are the prime factors of j?
2
Let u(b) = b**2 + b - 1. Let i(x) = -x**2 - 12*x + 8. Let c(l) = i(l) + 3*u(l). What are the prime factors of c(6)?
23
Let w be 2/(-5) + (-22)/(-5). Suppose -4*z = -w*h + 56, 0*z = 4*z + 16. List the prime factors of h.
2, 5
List the prime factors of (-4 - 22*-17) + -2.
2, 23
Let h(u) = -16*u**3 - u**2 - u. Let a(t) = t**3 + 7*t**2 + t + 6. Let m be a(-7). What are the prime factors of h(m)?
2
Let h(x) = 7*x - 3. Let g be (-40)/(-3) + 1/(-3). Let t = g - 10. What are the prime factors of h(t)?
2, 3
Suppose -b = -w + 5, -w = 4*b + 17 + 8. What are the prime factors of (-15)/(b - -3) + 3?
2
Let q be (-2)/(-4) + (-5)/(-2). Let t = q - 2. List the prime factors of t/(-2) - 46/(-4).
11
Let w(u) be the first derivative of -u**2/2 + 5*u - 1. Let d be w(0). Let y(k) = k**3 - 6*k**2 + 5*k + 7. List the prime factors of y(d).
7
Suppose -2*r + r = 0. Suppose r + 7 = v. Suppose -v*h + 6*h = j - 5, -h - 27 = -3*j. List the prime factors of j.
2
Let y(h) = -2 - 3*h + 4 + 2*h. Let x be y(5). Let n(a) = -a**2 - 5*a + 3. What are the prime factors of n(x)?
3
Suppose 2*s = -2*j + 10 - 2, -4*s - j + 19 = 0. List the prime factors of s.
5
Let d(c) = -c**3 + 6*c**2 + 5. Let h be d(6). Let g = -5 + h. Suppose 0 = -4*n - 3*v + 19, -2*v + 18 = 4*n - g*n. What are the prime factors of n?
2
Suppose 4*j - r - 873 = 0, -3*r = -4*j - 5*r + 882. What are the prime factors of j?
3, 73
Let t(u) = -u - 4. Let z be t(4). Let x be 75/6*z/(-10). Suppose 2*f = 4*f - x. What are the prime factors of f?
5
Suppose 3*x + 2*x + 729 = 2*g, 2 = -2*x. What are the prime factors of g?
2, 181
Let m(x) = -2*x - 8. Let h(r) = 7*r**2 - r. Let d(q) = q**2. Let o(f) = 6*d(f) - h(f). Let c be o(3). List the prime factors of m(c).
2
Let r(z) = z**3 + z. Let h be r(1). Let g = h + 29. What are the prime factors of g?
31
Suppose 3*d = 6*d - 6. Suppose d*x + g = 6*x - 48, -3*g = 12. List the prime factors of x.
11
Suppose -u + x = -2*x + 40, -2*u - 72 = 2*x. Let l = -22 - u. What are the prime factors of l?
3, 5
Let o(y) = y**2 + 6*y + 6. Let w be o(-5). Suppose d - 5 = w. What are the prime factors of d?
2, 3
Let i(r) = r**3 - r**2 + 10. Let p(v) = -v**2. Let z be p(0). Let h be i(z). Suppose 2*c + h = 4*c. List the prime factors of c.
5
Suppose -4*f + 4*v = 3*v - 79, 89 = 5*f + 2*v. What are the prime factors of f?
19
Let t be 2/(-4) + (-133)/14. Let h = t - -22. What are the prime factors of h?
2, 3
Suppose 4*h = -h + 10. Let y(c) = -5 + 2*c**2 - 3*c**2 - 9*c + 0*c**h. What are the prime factors of y(-7)?
3
Let m be (-112)/(-18) + 2/(-9). List the prime factors of (28/m)/(5/15).
2, 7
List the prime factors of -3*(339/(-18) - (-3)/18).
2, 7
Let l be 0 - (4 - 0/2). Let f = -18 + 35. Let t = l + f. What are the prime factors of t?
13
Let l(b) = -b**3 + 0 + b + 3 - 4*b**2 + 2*b. List the prime factors of l(-5).
13
Suppose -r + 313 = 3*h - 142, 0 = 5*r + 5. Suppose 8*a - h = 4*a. List the prime factors of a.
2, 19
Let t be (-2)/4*(4 + 2). Let y = 2 - t. Suppose y*j - 2*j - 27 = 0. What are the prime factors of j?
3
Let l(a) = -8*a + 63. List the prime factors of l(-10).
11, 13
What are the prime factors of (-10 - -15)*(-14)/(-10)?
7
Suppose 0*u + 5*u = 5. Let c(k) = 4 - k**3 + 6*k**2 + 2 - u. What are the prime factors of c(6)?
5
Suppose 0 = 14*o - 7*o - 294. What are the prime factors of o?
2, 3, 7
List the prime factors of (-1)/4 - (3 + 4085/(-20)).
3, 67
Suppose 7*o - 11 = 17. What are the prime factors of o?
2
Let c(j) = j**2 - 9*j - 6. Let k be c(7). Let x = 8 - k. What are the prime factors of x?
2, 7
Suppose 6 = q + 2. Suppose q*z + 2*m - 24 = -2*m, -4*z = -3*m - 17. What are the prime factors of z?
5
Let y(m) = 2*m**2 - 2*m + 3. Let q be y(2). List the prime factors of (-2)/q - 32/(-14).
2
Suppose -12*a + 690 = -7*a. List the prime factors of a.
2, 3, 23
Suppose 3*m = 5*m - 6. Let u(c) = 3 - 4*c - 2 + 2*c + 12*c**m. What are the prime factors of u(1)?
11
Let n(k) = k**3 + 6*k**2 - 3*k - 3. Suppose 0 = 5*z - 3*x + 8 + 34, 0 = -3*x + 12. List the prime factors of n(z).
3, 5
Let f be 94/6 + 2/6. What are the prime factors of 4/f + (-78)/(-8)?
2, 5
Suppose -4*g - 40 = -8. Let v = g + 23. What are the prime factors of v?
3, 5
Let p be ((-2)/((-6)/9))/1. Suppose 5*l + 5*n = -0*l + 135, 3*n = p. What are the prime factors of l?
2, 13
What are the prime factors of 5*(4*9)/(-3 - -8)?
2, 3
Suppose f - 248 = -2*f - k, 2*k = -2. List the prime factors of f.
83
Let d = 1 + -2. Let i = d + 29. Suppose 3*k + 5*y = 2*k - 17, i = 4*k - 4*y. What are the prime factors of k?
3
Suppose 0 = g - 0*g - 6. Let d(b) = b**3 - 5*b**2 - 5*b - 2. Let l be d(g). Suppose 3*s = s + l*k - 8, -s - 9 = -3*k. What are the prime factors of s?
2, 3
Let h(y) = -y + 12. Let b be h(9). Suppose 4*g + 22 = 5*d, 5*g + 6 = -9. Suppose 0 = d*o - b*m - 19 - 32, -3*o = m - 60. List the prime factors of o.
3, 7
Let b(m) = 2*m + 2. Let i be b(-4). Let a(u) = u + 6. Let k be a(i). Suppose k = 3*y - y - 12. List the prime factors of y.
2, 3
Let b = 18 - 13. Suppose b*t + 2 + 5 = -4*j, -2*j = -t - 7. List the prime factors of j.
2
Suppose 136 = h - 78. What are the prime factors of h?
2, 107
Let s(z) = -z**3 + 2*z**2 + 3*z + 2. Let l be s(3). What are the prime factors of (-25)/(-2) - 1/l?
2, 3
Let u = -10 + 12. Suppose -3*p + 5*f = -26 - 42, 3*p - 40 = -u*f. List the prime factors of p.
2
Suppose -4*m - 416 + 36 = -2*u, m = u - 190. List the prime factors of u.
2, 5, 19
Let k(u) be the second derivative of -u**3/3 - u**2/2 + u. List the prime factors of k(-8).
3, 5
Suppose 3*h + 0*h - 3 = 0. Let q = 10 + h. What are the prime factors of q?
11
Let l = 46 + 81. List the prime factors of l.
127
Let m be ((-4)/3)/((-6)/(-27)). What are the prime factors of (46/m)/(2/(-6))?
23
Let d = 78 - 46. Suppose 0 = -5*j + 4*y + d, j = 4*y - 5*y + 10. List the prime factors of j.
2
Suppose 0 = 3*v - v + 2. Let m = 4 + -7. Let n = v - m. What are the prime factors of n?
2
Suppose -40 = -6*a + 2*a. What are the prime factors of a?
2, 5
Let z = -203 - -336. List the prime factors of z.
7, 19
Suppose -2*c + 350 = 3*a, -c - 585 = -5*a - 4*c. What are the prime factors of a?
2, 3, 5
Let x(i) = -i**2 - 9*i + 19. List the prime factors of x(-10).
3
Let n = 9 - 2. What are the prime factors of n?
7
Suppose -3*k + 6 = 0, -k = 3*g - 9 - 14. What are the prime factors of g?
7
Suppose 0*g - 4*g = 56. Let p = g - -31. What are the prime factors of p?
17
Let w(h) = 18*h**2 - h + 2. Let i be w(-4). What are the prime factors of i/77 + (-2)/(-11)?
2
Suppose 0 = 2*u + 3*c - 72 - 45, 0 = -u - 5*c + 69. List the prime factors of u.
2, 3
Let i(t) = 0*t - 3 + 2*t - 4*t. Let g = 1 + -4. List the prime factors of i(g).
3
Let i(x) = -3*x**3 + 2*x**2. List the prime factors of i(-2).
2
Let l(w) = w**3 + 7*w**2 - 5*w - 1. Let f be l(-7). Suppose 0 = -4*u + 26 + f. What are the prime factors of u?
3, 5
Let l(f) = 2*f + 1. Let o be l(-4). Let y = o - -9. Suppose 4 = -y*d + 40. List the prime factors of d.
2, 3
Let p be 5 - 2 - 2/2. Suppose p*t - 3 = 1. Suppose 2 = -2*i + t*h, -h + 3*h = -i + 8. List the prime fact